{"id":225,"date":"2025-07-07T10:53:57","date_gmt":"2025-07-07T09:53:57","guid":{"rendered":"https:\/\/shrimpking.pl\/?page_id=225"},"modified":"2025-07-07T11:00:29","modified_gmt":"2025-07-07T10:00:29","slug":"jakie-rosliny-dla-paletek","status":"publish","type":"page","link":"https:\/\/shrimpking.pl\/index.php\/porady-akwarystyczne\/jakie-rosliny-dla-paletek\/","title":{"rendered":"Jakie ro\u015bliny dla Paletek"},"content":{"rendered":"<p data-start=\"0\" data-end=\"327\"><img loading=\"lazy\" decoding=\"async\" class=\"alignnone size-full wp-image-226\" src=\"https:\/\/shrimpking.pl\/wp-content\/uploads\/2025\/07\/discus.jpg\" alt=\"\" width=\"800\" height=\"531\" srcset=\"https:\/\/shrimpking.pl\/wp-content\/uploads\/2025\/07\/discus.jpg 800w, https:\/\/shrimpking.pl\/wp-content\/uploads\/2025\/07\/discus-300x199.jpg 300w, https:\/\/shrimpking.pl\/wp-content\/uploads\/2025\/07\/discus-768x510.jpg 768w\" sizes=\"auto, (max-width: 800px) 100vw, 800px\" \/><br \/>\nDla paletek \/ dyskowc\u00f3w, kt\u00f3re preferuj\u0105 spokojniejsze wody o \u015brednio twardym i lekko kwa\u015bnym pH oraz wy\u017csz\u0105 temperatur\u0119, warto wybra\u0107 ro\u015bliny, kt\u00f3re stworz\u0105 naturalne, spokojne \u015brodowisko, ale jednocze\u015bnie nie b\u0119d\u0105 wymaga\u0142y zbyt intensywnego \u015bwiat\u0142a ani nie b\u0119d\u0105 zbyt trudne w piel\u0119gnacji. Oto kilka ro\u015blin, kt\u00f3re dobrze pasuj\u0105 do tego typu akwarium:<\/p>\n<h3 data-start=\"329\" data-end=\"347\">1. <strong data-start=\"336\" data-end=\"347\">Anubias<\/strong><\/h3>\n<ul data-start=\"348\" data-end=\"608\">\n<li data-start=\"348\" data-end=\"491\">\n<p data-start=\"350\" data-end=\"491\"><strong data-start=\"350\" data-end=\"358\">Opis<\/strong>: Anubias to ro\u015blina, kt\u00f3ra ro\u015bnie powoli i dobrze znosi mniej intensywne o\u015bwietlenie. Mo\u017cna j\u0105 przytwierdzi\u0107 do kamieni lub korzeni.<\/p>\n<\/li>\n<li data-start=\"492\" data-end=\"605\">\n<p data-start=\"494\" data-end=\"605\"><strong data-start=\"494\" data-end=\"507\">Dlaczego?<\/strong>: Paletki i dyskowce mog\u0105 spokojnie p\u0142ywa\u0107 w jej cieniu, a ro\u015blina b\u0119dzie pe\u0142ni\u0107 rol\u0119 schronienia.<\/p>\n<\/li>\n<\/ul>\n<h3 data-start=\"609\" data-end=\"641\">2. <strong data-start=\"616\" data-end=\"641\">Java Fern (Mocnopsis \/ Microsorium )<\/strong><\/h3>\n<ul data-start=\"642\" data-end=\"925\">\n<li data-start=\"642\" data-end=\"799\">\n<p data-start=\"644\" data-end=\"799\"><strong data-start=\"644\" data-end=\"652\">Opis<\/strong>: Jest to bardzo odporna ro\u015blina, kt\u00f3ra r\u00f3wnie\u017c preferuje s\u0142absze \u015bwiat\u0142o. Mocnopsis jest \u0142atwa w piel\u0119gnacji, ro\u015bnie na korzeniach lub kamieniach.<\/p>\n<\/li>\n<li data-start=\"800\" data-end=\"925\">\n<p data-start=\"802\" data-end=\"925\"><strong data-start=\"802\" data-end=\"815\">Dlaczego?<\/strong>: Wspaniale sprawdzi si\u0119 w akwarium dla dyskowc\u00f3w, nie wymaga intensywnego nawo\u017cenia ani cz\u0119stego przycinania.<\/p>\n<\/li>\n<\/ul>\n<h3 data-start=\"927\" data-end=\"950\">3. <strong data-start=\"934\" data-end=\"950\">Cryptocoryne (Zwartka) r\u00f3\u017cne odmiany<\/strong><\/h3>\n<ul data-start=\"951\" data-end=\"1314\">\n<li data-start=\"951\" data-end=\"1146\">\n<p data-start=\"953\" data-end=\"1146\"><strong data-start=\"953\" data-end=\"961\">Opis<\/strong>: S\u0105 to ro\u015bliny, kt\u00f3re dobrze czuj\u0105 si\u0119 w wodach o lekko kwa\u015bnym pH i \u015bredniej twardo\u015bci. Potrafi\u0105 rosn\u0105\u0107 w cieniu, co jest idealne dla ryb, kt\u00f3re preferuj\u0105 bardziej zacienione obszary.<\/p>\n<\/li>\n<li data-start=\"1147\" data-end=\"1314\">\n<p data-start=\"1149\" data-end=\"1314\"><strong data-start=\"1149\" data-end=\"1162\">Dlaczego?<\/strong>: Cryptocoryne ma r\u00f3\u017cne odmiany, kt\u00f3re pasuj\u0105 do r\u00f3\u017cnych warunk\u00f3w akwarium. Dzi\u0119ki ich r\u00f3\u017cnym kszta\u0142tom li\u015bci, mo\u017cna stworzy\u0107 \u0142adny kontrast w akwarium.<\/p>\n<\/li>\n<\/ul>\n<h3 data-start=\"1316\" data-end=\"1347\">4. <strong data-start=\"1323\" data-end=\"1347\">Echinodorus (Zw\u0119\u017cka)<\/strong><\/h3>\n<ul data-start=\"1348\" data-end=\"1673\">\n<li data-start=\"1348\" data-end=\"1558\">\n<p data-start=\"1350\" data-end=\"1558\"><strong data-start=\"1350\" data-end=\"1358\">Opis<\/strong>: Echinodorus to ro\u015blina o du\u017cych li\u015bciach, kt\u00f3ra dobrze ro\u015bnie w akwariach o \u015brednio twardej wodzie. Wymaga \u015bredniego lub silnego o\u015bwietlenia, ale dobrze ro\u015bnie r\u00f3wnie\u017c przy mniejszej ilo\u015bci \u015bwiat\u0142a.<\/p>\n<\/li>\n<li data-start=\"1559\" data-end=\"1673\">\n<p data-start=\"1561\" data-end=\"1673\"><strong data-start=\"1561\" data-end=\"1574\">Dlaczego?<\/strong>: Stworzy dla ryb naturalne schronienia oraz zapewni interesuj\u0105cy element w dolnej cz\u0119\u015bci akwarium.<\/p>\n<\/li>\n<\/ul>\n<h3 data-start=\"1675\" data-end=\"1699\">5. <strong data-start=\"1682\" data-end=\"1699\">Bucephalandra<\/strong><\/h3>\n<ul data-start=\"1700\" data-end=\"1976\">\n<li data-start=\"1700\" data-end=\"1855\">\n<p data-start=\"1702\" data-end=\"1855\"><strong data-start=\"1702\" data-end=\"1710\">Opis<\/strong>: Jest to ro\u015blina o ma\u0142ych li\u015bciach, kt\u00f3ra \u015bwietnie ro\u015bnie w akwariach o niskim o\u015bwietleniu. Mo\u017cna j\u0105 tak\u017ce przytwierdzi\u0107 do kamieni lub korzeni.<\/p>\n<\/li>\n<li data-start=\"1856\" data-end=\"1976\">\n<p data-start=\"1858\" data-end=\"1976\"><strong data-start=\"1858\" data-end=\"1871\">Dlaczego?<\/strong>: Bucephalandra dobrze wsp\u00f3\u0142gra z rybami, nie wymagaj\u0105c intensywnego nawo\u017cenia ani szczeg\u00f3lnych warunk\u00f3w.<\/p>\n<\/li>\n<\/ul>\n<h3 data-start=\"1978\" data-end=\"2012\">6. <strong data-start=\"1985\" data-end=\"2012\">Helanthium (R\u00f3\u017ca wodna)<\/strong><\/h3>\n<ul data-start=\"2013\" data-end=\"2256\">\n<li data-start=\"2013\" data-end=\"2128\">\n<p data-start=\"2015\" data-end=\"2128\"><strong data-start=\"2015\" data-end=\"2023\">Opis<\/strong>: Helanthium to ro\u015blina, kt\u00f3ra dobrze ro\u015bnie w mi\u0119kkiej, lekko kwa\u015bnej wodzie i przy \u015brednim o\u015bwietleniu.<\/p>\n<\/li>\n<li data-start=\"2129\" data-end=\"2256\">\n<p data-start=\"2131\" data-end=\"2256\"><strong data-start=\"2131\" data-end=\"2144\">Dlaczego?<\/strong>: R\u00f3wnie\u017c tworzy dobre schronienie dla ryb, a jej rozrastaj\u0105ce si\u0119 li\u015bcie mog\u0105 stanowi\u0107 \u0142adn\u0105 ozdob\u0119 w akwarium.<\/p>\n<\/li>\n<\/ul>\n<h3 data-start=\"2258\" data-end=\"2279\">7. <strong data-start=\"2265\" data-end=\"2279\">Sagittaria (Strza\u0142ka skrzydlasta)<\/strong><\/h3>\n<ul data-start=\"2280\" data-end=\"2510\">\n<li data-start=\"2280\" data-end=\"2419\">\n<p data-start=\"2282\" data-end=\"2419\"><strong data-start=\"2282\" data-end=\"2290\">Opis<\/strong>: Ro\u015blina ta \u015bwietnie ro\u015bnie w wodzie o \u015brednim pH i dobrze radzi sobie w akwariach z rybami, kt\u00f3re preferuj\u0105 spokojniejsze wody.<\/p>\n<\/li>\n<li data-start=\"2420\" data-end=\"2510\">\n<p data-start=\"2422\" data-end=\"2510\"><strong data-start=\"2422\" data-end=\"2435\">Dlaczego?<\/strong>: Sagittaria dobrze si\u0119 rozrasta, tworz\u0105c \u0142adny, naturalny wygl\u0105d akwarium.<\/p>\n<\/li>\n<\/ul>\n<h3 data-start=\"2512\" data-end=\"2548\">8. <strong data-start=\"2519\" data-end=\"2548\">Java Moss (Mech jawajski) oraz inne odmiany<\/strong><\/h3>\n<ul data-start=\"2549\" data-end=\"2805\">\n<li data-start=\"2549\" data-end=\"2655\">\n<p data-start=\"2551\" data-end=\"2655\"><strong data-start=\"2551\" data-end=\"2559\">Opis<\/strong>: Jest to mech, kt\u00f3ry \u0142atwo ro\u015bnie w wodach o r\u00f3\u017cnym pH, preferuj\u0105c bardziej zacienione miejsca.<\/p>\n<\/li>\n<li data-start=\"2656\" data-end=\"2805\">\n<p data-start=\"2658\" data-end=\"2805\"><strong data-start=\"2658\" data-end=\"2671\">Dlaczego?<\/strong>: Mech jawajski to doskona\u0142e miejsce do ukrycia dla m\u0142odych ryb oraz doskona\u0142y spos\u00f3b na wzbogacenie akwarium w naturalne schronienia.<\/p>\n<\/li>\n<\/ul>\n<h3 data-start=\"2807\" data-end=\"2829\">9. <strong data-start=\"2814\" data-end=\"2829\">Vallisneria (Nurzaniec)<\/strong><\/h3>\n<ul data-start=\"2830\" data-end=\"3110\">\n<li data-start=\"2830\" data-end=\"2938\">\n<p data-start=\"2832\" data-end=\"2938\"><strong data-start=\"2832\" data-end=\"2840\">Opis<\/strong>: Vallisneria to ro\u015blina o d\u0142ugich, w\u0105skich li\u015bciach, kt\u00f3ra mo\u017ce tworzy\u0107 g\u0119ste zaro\u015bla w akwarium.<\/p>\n<\/li>\n<li data-start=\"2939\" data-end=\"3110\">\n<p data-start=\"2941\" data-end=\"3110\"><strong data-start=\"2941\" data-end=\"2954\">Dlaczego?<\/strong>: Doskona\u0142a do akwarium dla dyskowc\u00f3w i paletek, poniewa\u017c tworzy naturalne zakamarki, w kt\u00f3rych ryby mog\u0105 si\u0119 schowa\u0107, a przy okazji pe\u0142ni rol\u0119 dekoracyjn\u0105.<\/p>\n<\/li>\n<\/ul>\n<h3 data-start=\"3112\" data-end=\"3128\">Podsumowanie<\/h3>\n<p data-start=\"3129\" data-end=\"3542\">Dla paletek szczeg\u00f3lnie wa\u017cne jest, by ro\u015bliny nie zdominowa\u0142y zbyt mocno przestrzeni i nie zabiera\u0142y im miejsca do p\u0142ywania. Ro\u015bliny o \u015bredniej intensywno\u015bci wzrostu i takie, kt\u00f3re oferuj\u0105 miejsca do ukrycia, b\u0119d\u0105 najlepszym wyborem. Pami\u0119taj te\u017c, \u017ce te ryby maj\u0105 do\u015b\u0107 specyficzne wymagania co do jako\u015bci wody, wi\u0119c regularne testy wody oraz dbanie o stabilno\u015b\u0107 parametr\u00f3w (zw\u0142aszcza pH) s\u0105 kluczowe.<\/p>\n","protected":false},"excerpt":{"rendered":"<p>Dla paletek \/ dyskowc\u00f3w, kt\u00f3re preferuj\u0105 spokojniejsze wody o \u015brednio twardym i lekko kwa\u015bnym pH oraz wy\u017csz\u0105 temperatur\u0119, warto wybra\u0107 ro\u015bliny, kt\u00f3re stworz\u0105 naturalne, spokojne \u015brodowisko, ale jednocze\u015bnie nie b\u0119d\u0105 wymaga\u0142y zbyt intensywnego \u015bwiat\u0142a&#46;&#46;&#46;<\/p>\n","protected":false},"author":1,"featured_media":226,"parent":2,"menu_order":0,"comment_status":"closed","ping_status":"closed","template":"","meta":{"footnotes":""},"class_list":["post-225","page","type-page","status-publish","has-post-thumbnail","hentry"],"jetpack-related-posts":[],"jetpack_sharing_enabled":true,"jetpack_likes_enabled":true,"_links":{"self":[{"href":"https:\/\/shrimpking.pl\/index.php\/wp-json\/wp\/v2\/pages\/225","targetHints":{"allow":["GET"]}}],"collection":[{"href":"https:\/\/shrimpking.pl\/index.php\/wp-json\/wp\/v2\/pages"}],"about":[{"href":"https:\/\/shrimpking.pl\/index.php\/wp-json\/wp\/v2\/types\/page"}],"author":[{"embeddable":true,"href":"https:\/\/shrimpking.pl\/index.php\/wp-json\/wp\/v2\/users\/1"}],"replies":[{"embeddable":true,"href":"https:\/\/shrimpking.pl\/index.php\/wp-json\/wp\/v2\/comments?post=225"}],"version-history":[{"count":4,"href":"https:\/\/shrimpking.pl\/index.php\/wp-json\/wp\/v2\/pages\/225\/revisions"}],"predecessor-version":[{"id":230,"href":"https:\/\/shrimpking.pl\/index.php\/wp-json\/wp\/v2\/pages\/225\/revisions\/230"}],"up":[{"embeddable":true,"href":"https:\/\/shrimpking.pl\/index.php\/wp-json\/wp\/v2\/pages\/2"}],"wp:featuredmedia":[{"embeddable":true,"href":"https:\/\/shrimpking.pl\/index.php\/wp-json\/wp\/v2\/media\/226"}],"wp:attachment":[{"href":"https:\/\/shrimpking.pl\/index.php\/wp-json\/wp\/v2\/media?parent=225"}],"curies":[{"name":"wp","href":"https:\/\/api.w.org\/{rel}","templated":true}]}}